2 - 3) + -2?
-5
14 + (-4 - 2) - 1 - 1
6
What is -4 + -1 + (10 - 13) + 13?
5
Evaluate 30 + (15 - 62) - (-9 - -1).
-9
What is the value of -1 - (5 - 4 - (2 - -5))?
5
Evaluate -7 + 5 - 11 - -17.
4
What is 8 + (0 - (2 + 2)) - 6?
-2
Evaluate (2 - 3) + -6 - (-88 + 74).
7
What is the value of -4 + 13 + -10 - (-1 + 5)?
-5
Evaluate 15 + -24 - (-16 + 0).
7
What is -1 - (9 - 20 - -16)?
-6
Evaluate -1 - 13 - (-2 - 7).
-5
Evaluate (-9 - (-11 + 7)) + 12 - 11.
-4
What is -5 + -4 + 7 + -3 + 2?
-3
What is the value of 2 + -5 - -3 - 3?
-3
What is the value of (-5 - 4) + 22 - 10?
3
Evaluate -4 - (8 + -9) - (-2 + 3).
-4
Calculate (-20 - (-30 - -4)) + (-2 - 1).
3
What is 1 - -2 - (-6 - -3 - -4)?
2
What is -1 + -3 - (8 + -17)?
5
What is the value of 3 + (4 - 8) - -6?
5
5 - (17 - 18 - (-1 + -5))
0
Evaluate 116 + -102 + (-9 - 2).
3
What is the value of (-26 - -31) + (1 - 2)?
4
Calculate -2 + 3 + 5 - (2 + 5).
-1
What is the value of 0 + -12 - -10 - (4 + -1)?
-5
What is -2 + -2 - (3 + -11)?
4
What is the value of -1 - 1 - -2 - (26 - 27)?
1
2 - (-5 + 2 + 0)
5
Evaluate 0 - (1 + (0 - 2) + 2).
-1
What is the value of 7 + 2 + -11 + (-1 - -8)?
5
What is the value of (3 - 3) + (-3 - (2 - 1))?
-4
-7 + 3 + -1 - (9 + -14)
0
Calculate 2 + -4 - (3 + -3 - 1).
-1
What is the value of -2 - -5 - (49 - 49)?
3
Evaluate -6 - (-5 + -8 + 5).
2
Evaluate -14 + 6 + (10 - -2).
4
What is the value of 5 + 1 - (-2 + 13)?
-5
What is -4 + 1 + 0 + -2 + 1?
-4
0 - (-3 - (-3 - 2) - -3)
-5
Calculate (7 - 0) + (7 + -16 - -6).
4
What is the value of (6 - (2 + -1)) + -2?
3
3 - (7 - 3) - 1
-2
What is (-12 - -4) + 17 - 1?
8
What is the value of 1 + -7 + 0 + 4?
-2
Evaluate 2 - 4 - (-2 + 4 + 0).
-4
What is the value of 0 - 0 - (-2 - 1 - -3)?
0
What is the value of -33 - (-12 - -1) - -13?
-9
What is 5 + 0 - (-3 - (2 - 5))?
5
What is the value of (5 - (-6 + 2)) + (-6 - -1)?
4
Evaluate (-3 + -5 - -9) + (-2 - 0).
-1
Calculate -6 + (1 + -1 - (0 + -1)).
-5
-5 - (-4 + -5 + -1)
5
Calculate 0 - (2 + 1) - (1 - 8).
4
Evaluate 0 + (-1 + 7 + -4 - 6).
-4
Calculate 0 + (2 - (2 + -3 + -1)).
4
Evaluate -3 + 18 + -7 - 0.
8
Calculate (1 - 2) + 3 - (1 + 3).
-2
What is the value of (-1 + -14 - (-7 - -2)) + 8?
-2
What is the value of 8 - 0 - 10 - -1?
-1
(0 - -2) + -6 + (5 - 4)
-3
What is 5 + -3 + 5 + -4?
3
Evaluate 0 + -12 + 6 - -9.
3
What is the value of -3 + -1 - (-37 - -33)?
0
(-12 - -4 - -18) + -2
8
Calculate 8 - (1 + 4) - 7 - 1.
-5
What is the value of 2 + 2 + 2 + -3?
3
What is 0 + -6 + (2 - -6)?
2
(6 - 3) + (-6 - 2)
-5
What is the value of 1 + 4 - (-1 - -3 - -1)?
2
Calculate -5 + 1 - -2 - (-4 - -2).
0
What is -1 + -4 + 16 + (-13 - -5)?
3
Evaluate 2 + (-6 - -16) + -16.
-4
What is the value of -3 + -11 - (5 + -14 + 2)?
-7
What is (-6 - 5 - -5) + 10?
4
Calculate -5 + 3 + 3 - (-1 + 1).
1
What is 5 + 2 + 3 + -14 + -2?
-6
Calculate 1 + (12 + -7 - 3).
3
-2 + (4 - -2) + 1 - 4
1
Evaluate -16 - -2 - (1 + -9).
-6
What is the value of -4 + -6 + 11 + -4 + 1?
-2
Calculate (11 + -7 + -18 - -7) + 6.
-1
Evaluate -1 - (-2 + -1 + (7 - 1)).
-4
What is 19 - 21 - (-1 + -5)?
4
What is (4 - 2 - 1) + 1 + 1?
3
Evaluate 3 - (4 - (-3 - -6)).
2
What is -9 - (-21 + (12 - 1))?
1
What is 4 + -2 + 0 - (4 + -3)?
1
17 + -16 + (3 - (1 - -1))
2
9 + -1 - -13 - 12
9
What is 3 - (5 - 1 - -5)?
-6
What is the value of (5 - (8 - 5)) + -4?
-2
Evaluate -3 + 2 + 3 + 3 + -4.
1
-3 + (5 - (1 - 5)) + -6
0
Calculate 3 + -5 + 4 + (-6 - 2).
-6
What is 0 - -1 - (-1 + 2 + 0)?
0
-6 + -3 + -1 + 5
-5
Evaluate -1 + 3 + (-20 - -14).
-4
What is the value of (0 - 3) + 6 - (-2 + 1)?
4
Evaluate -5 - (2 - ((-2 - 1) + 7)).
-3
Evaluate (-2 - 13) + 8 - -16.
9
Evaluate -1 - -3 - (-1 - (-5 - -1)).
-1
Evaluate (6 - 2) + (-7 - -1) + 4.
2
What is -2 + (20 - (20 - 10))?
8
What is the value of (-1 - -7) + 8 + -4 + -6?
4
What is 6 + (3 - (4 + 9 + -4))?
0
What is -3 + -2 + (7 - -3)?
5
Evaluate -1 + -2 + 72 + -73.
-4
-9 - (0 + -19 - -10)
0
Evaluate (11 - -4 - 4) + -7.
4
Calculate -4 - ((-3 - -1) + -40 + 40).
-2
What is -3 + 4 - 2 - -4?
3
What is the value of (12 - 8) + 2 + -14 - -5?
-3
What is the value of 1 + 5 - (2 + 1)?
3
Evaluate (-5 - 5 - -9) + 1.
0
Evaluate (-1 - -3) + (-7 - (0 + -3)).
-2
What is 1 - (0 - (-1 - 2) - 3)?
1
Evaluate -3 + (2 - (4 + -4)).
-1
Calculate 362 - 367 - ((-6 - -2) + 1).
-2
What is the value of -9 - (-3 - (-5 + 6))?
-5
Evaluate (-12 - (-17 + 12)) + 1.
-6
What is the value of (-1 - 1) + (-3 - (3 - 11))?
3
Calculate -1 - 0 - (2 + -2 - 6).
5
What is the value of -1 + -1 - (40 + -36)?
-6
What is 1 - -5 - (-2 + 7 + 6)?
-5
Evaluate 64 - 58 - (0 + (0 - -12)).
-6
What is 5 + (5 - (-10 - -20))?
0
-10 + 1 + (8 - 5) + 1
-5
Calculate (2 + (0 - 5) - 1) + 2.
-2
Calculate -79 + 68 - (1 - 8).
-4
Calculate (-6 - 1) + -3 - -2.
-8
What is the value of 0 + (-2 - (2 - 6))?
2
What is (2 - (-12 - -21)) + 12?
5
2 - 9 - (-18 - -6) - 5
0
-2 - (-5 + -1 + 4)
0
Evaluate (-12 - -8) + (0 - (-3 + -9)).
8
What is 6 - (0 - -1) - 10?
-5
Evaluate -59 + 50 - (1 + -16).
6
-1 - 1 - (-10 - -8)
0
Evaluate 7 + (-17 - -10) + -2 + 1.
-1
What is (-3 - 0 - (1 - 7)) + -8?
-5
What is the value of -9 - (-1 + -4) - -9?
5
Calculate (-4 - -4 - 3) + 3.
0
Evaluate 6 + -8 + -6 + 4.
-4
(6 + (1 - 0) - 6) + 0
1
Calculate 5 + -7 - (-3 - -5).
-4
What is 6 - 8 - (2 - 9)?
5
(1 + -10 - -6) + 6 + 1
4
What is the value of 5 - ((2 - -3) + -4)?
4
Calculate -1 - 4 - (-6 - -2).
-1
What is (-3 - (9 + -9)) + 9?
6
Evaluate -5 + (1 - -2) + (-8 - -8).
-2
What is 2 + -3 + -3 + 2 + 4?
2
Evaluate -2 - (-9 - 0) - 2.
5
What is the value of 2 - ((-4 - -5) + 0) - -3?
4
What is 6 - (0 + (-1 - -1)) - 3?
3
2 + (-5 - -4) + -2
-1
What is the value of 7 + (-5 + 10 - 8)?
4
What is the value of 2 + (0 + 4 - (34 - 21))?
-7
Calculate -12 + (9 - -6) + -2.
1
What is -3 + 6 + (0 - 3) + -1?
-1
((0 - -2) + -3 - -1) + 3
3
What is 9 + (-19 - -24) - (1 - -5)?
8
What is the value of -4 - (0 + -4 + -1 - -6)?
-5
Evaluate 1 - 11 - (-2 + -2).
-6
What is the value of 27 + -33 - (-3 + 2 + 0)?
-5
Evaluate 5 - (5 + -4 + 10 + -6).
0
What is the value of -13 - ((-1 - 12) + 7)?
-7
What is the value of (-4 - (1 + -3)) + -1?
-3
What is the value of (2 - -5) + -16 + 20 + -7?
4
3 + (-2 + -1 - (10 + -7))
-3
What is -2 + 10 + -23 + 6?
-9
What is (-19 + 1 - -10) + 4?
-4
What is -26 + 27 - (1 + -5)?
5
(-12 - (-12 + 17)) + (-1 - -9)
-9
What is 4 + -3 + 3 - (-5 + 12)?
-3
What is the value of -5 + 10 + -6 + -3?
-4
Evaluate (4 + 3 - -1) + -7.
1
Calculate -4 + 10 + -1 + -1 + 0.
4
Calculate -2 - (3 + (-6 - -4)).
-3
What is the value of 3 + (-4 - -4 - -3 - 2)?
4
What is the value of (0 - 0) + -90 + 94?
4
What is -10 + 10 + -8 + -1 + -2?
-11
Evaluate -4 + 10 + 1 + 10 + -22.
-5
Evaluate 2 - 16 - (-80 - -59).
7
What is (-1 - 3 - 1) + -1 - -1?
-5
What is the value of -3 - (1 + 2 + -6)?
0
Evaluate 3 - 7 - (2 - 2).
-4
Calculate -4 + 1 + (10 - 3) - 10.
-6
0 - (-2 + 6 - 3) - 0
-1
What is -4 + (12 - 4) + -6 - -11?
9
Evaluate -2 - (-5 + (12 - 5)).
-4
Evaluate -8 + 14 - 5 - 3.
-2
What is the value of (-4 - (-6 + 8)) + 9?
3
Calculate (-3 + -2 - -2) + -4 + 12.
5
Calculate 1 + 0 - (24 - 25).
2
Calculate -8 + (-4 - -15) - (1 + 1).
1
What is (-5 - -1) + (1 - 0) - -5?
2
What is 81 + -83 - (-1 - 2)?
1
Evaluate (6 - (-14 + 32)) + 0 + 5.
-7
Evaluate (1 - 5) + 2 + -1 + -2.
-5
Calculate 5 + -4 + (-1 - 0).
0
Evaluate 3 - ((0 - (5 - 1)) + 5).
2
Calculate -4 - (5 + -2 + -12).
5
What is the value of (-5 - (-6 - 5)) + -5 + -8?
-7
-2 - -3 - 6 - (-45 - -41)
-1
What is -1 - ((2 - -1) + 1)?
-5
What is 0 + 4 + -8 + -1?
-5
Evaluate 2 + (-1 + (-5 - -3) - -2).
1
Calculate 0 - (-4 - (-4 - (-6 - -1))).
5
What is the value of (-14 - -1) + -9 + (0 - -14)?
-8
4 + -5 + 2 + 3
4
Calculate (-23 - (-46 - -22)) + (-1 - 6).
-6
0 + 2 - (22 - 17)
-3
Calculate (-7 - (-1 - 12)) + 1 + -5.
2
Evaluate -3 + (-5 - -5) + 0.
-3
What is -6 - -3 - (1 + -3 + -2)?
1
Evaluate 0 + (6 - 2) - 0.
4
Calculate 4 + (-4 - -8) + -8.
0
Calculate -2 + -3 + 4 + 4 + -6.
-3
Calculate -1 + -4 - ((-1 - -3) + 3).
-10
What is the value of (0 - 0) + (-1 - (8 + -4))?
-5
What is the value of 1 + (-3 + -1 - -1) + -2?
-4
Calculate -1 + -4 - (1 - (-3 + 19)).
10
What is -12 - -10 - 2 - -1?
-3
(-5 - (-13 + 4)) + -1
3
What is (0 + -1 - -3) + -7?
-5
Evaluate -3 + 10 + -3 + -4 + -4.
-4
What is the value of 0 - -14 - (15 + -21 + 11)?
9
What is (-2 - -1) + (4 + -6 - -3)?
0
-6 + 2 + 0 +